or of 228 and q?
57
Suppose -6*r - 12 = -78. Let a = r + -3. Calculate the highest common factor of 88 and a.
8
Let v be ((-2)/1)/(9/11 - 1). Suppose 0 = -7*p + v*p - 5*u - 51, -6 = 2*u. What is the greatest common factor of 27 and p?
9
Let q be (975/(-26))/(1/(-2)). Suppose -5*s + 2*u = -1208, 2*s + 2*u - 472 = -0*s. What is the highest common factor of s and q?
15
Let g = -12889 - -12997. What is the highest common factor of 17604 and g?
108
Let k(f) = f + 47. Let j be k(-8). Let m = -141 + 466. What is the highest common factor of j and m?
13
Let n(m) = -3*m**3 + 54*m**2 - 31*m - 42. Let q be n(15). Calculate the highest common factor of q and 55.
11
Suppose -4*s - p + 13 = -2*s, -s - 1 = -2*p. Suppose 0 = -z + s*o + 71, 5*z + 2*o = -o + 243. Calculate the greatest common divisor of 663 and z.
51
Let p be -1606*((-2)/6)/(10/105). Calculate the greatest common factor of 73 and p.
73
Let w be 2*((-2)/14 - 65/182). Let s be -6 + 186 - w - (2 - 1). What is the highest common divisor of s and 20?
20
Suppose 0 = 11*w + 4*w - 780. What is the highest common factor of w and 91?
13
Suppose -178238 = -24*g - 16*g + 71962. Calculate the highest common divisor of g and 15.
15
Let w(g) = g + 8 - 1 - 19 + 4 + 10. Let c(l) = l**3 - 6*l**2 - l + 8. Let n be c(6). Let m be w(n). Calculate the greatest common factor of m and 16.
4
Suppose -m + 5429 + 830 = 5*q, -2*q - 2*m + 2510 = 0. Calculate the highest common factor of 27 and q.
9
Suppose 2*j = -t + 6105, -j - 6090 = -10*t + 9*t. What is the highest common divisor of t and 575?
115
Let m(j) = -j**3 + 11*j**2 + 40*j - 16. Let z be m(-4). Calculate the greatest common divisor of z and 2176.
64
Suppose -48 = 7*u - 69. Let y be 3*(-8 + u + 6)*1. Calculate the greatest common factor of y and 3.
3
Let y be (6/1)/(1/(-7)). Let p = 1028 - 984. Let l = y + p. What is the highest common divisor of l and 3?
1
Let q = -168 + 162. Let o be q - (-24 - (12 - 6)). Calculate the highest common factor of 384 and o.
24
Let c be 10/2*108/540 - (1 + -156). Suppose -55 = -5*v - r, 0 = -0*r - 2*r - 10. Calculate the highest common divisor of v and c.
12
Suppose -2*w + 8*w - 18 = 0. Let d(v) = -11*v**2 - 11 + 25*v**w - v + 10*v - 24*v**3. Let o be d(11). Calculate the greatest common divisor of 11 and o.
11
Suppose -13 + 43 = 6*i. Suppose i*x - 379 = 5*o + 716, 0 = 5*x + o - 1077. What is the highest common divisor of x and 144?
72
Suppose 207 + 503 = 10*w. Let i be (w + 13)*(-1 - -3)/6. What is the greatest common factor of i and 126?
14
Let n(k) = -k**3 - 157*k**2 - 904*k + 308. Let p be n(-151). What is the highest common factor of 9327 and p?
3
Let m be ((-6)/12 - (-106)/4)/2. Let x be -21*(1 + m/(-7)). What is the highest common divisor of x and 30?
6
Suppose -10 = -5*w + x, -x + 8 = w - 0*w. Suppose w*y - 198 = -0*y. Let q be -2 + 120/y - 244/(-11). What is the greatest common factor of 22 and q?
22
Let c be 8*(-1 + (-9)/(-6)). Suppose -3*r - 4*d + 28 = r, 5*r - 35 = -c*d. Let x(n) = 17*n - 47. Let q be x(4). What is the greatest common divisor of q and r?
7
Suppose -3*b + 5 = 5*l - 2, -3*l = -5*b + 57. Suppose -11*v + 96 = -5*v. Suppose -21*z + 225 = -v*z. What is the greatest common divisor of b and z?
9
Let v(u) = 58*u - 288. Let w = 231 - 226. Let q be v(w). Let g = 77 + -51. Calculate the greatest common factor of q and g.
2
Let i(b) = 8*b + 82. Let v be i(-11). Let f be (-40)/3*9/v. Calculate the highest common divisor of f and 80.
20
Suppose 24 = -11*n + 101. Let l(d) = d**3 + 6*d - 2 - 5*d**2 + 3*d**2 - 5*d**2. Let k be l(n). What is the greatest common divisor of k and 280?
40
Let l(z) = z**3 - z**2 - 2*z. Let d be l(4). Let k(m) = 69*m + 2920. Let o be k(-40). Calculate the highest common divisor of o and d.
40
Suppose -15*j - 5*d = -11*j - 175, j = -5*d + 40. Calculate the highest common factor of 765 and j.
45
Suppose 2*t + 3670 = 5*z, 4*z + 136*t - 141*t = 2919. Let m = -11 + 43. What is the greatest common divisor of m and z?
32
Let x be 2/(-3)*63*(-14)/(168/60). What is the highest common divisor of 462 and x?
42
Suppose 2*p - 4*p - 151 = -5*u, 4*p - 2*u = -326. Suppose 4*f = 118 + 354. Let y = f + p. Calculate the highest common factor of y and 5.
5
Let f(r) = 5*r**2 + 55*r + 4. Let x be f(-11). Suppose 3*q = 4*h - 9*h + 122, -x*q - 2*h = -172. What is the highest common factor of q and 242?
22
Let d = -1542 + 398. Let m be 24/(-180) - d/30. Calculate the highest common factor of m and 2.
2
Suppose 7639 = 9*k - 13529. What is the greatest common divisor of k and 64?
16
Let i(f) = -5*f + 25. Let j be i(5). Suppose j = s + y + 3, 5*y + 8 = -s + 3*y. Calculate the greatest common factor of s and 7.
1
Let s = 574 + -625. Suppose -3*f + 2*y = f + 100, 0 = -2*f - 5*y - 26. Let l = f - s. Calculate the greatest common factor of l and 42.
14
Suppose m = -2*s + 74, -33 = 3*m + 5*s - 251. Let z = 89 - m. What is the greatest common factor of 92 and z?
23
Let c be (40/50)/(-2 + 12/5). Suppose -5*y = -2*v + 4 - 1, -c*y = -2. Suppose -v*u - 5*u = -2106. What is the greatest common factor of 26 and u?
26
Let d(j) = -260*j + 801. Let i be d(3). What is the greatest common factor of i and 5061?
21
Let i be 2790/24 + (-9)/(-12). Let q = -61 - -88. What is the highest common factor of i and q?
9
Suppose 24*h - 107104 - 67616 = 0. Calculate the highest common divisor of h and 390.
130
Suppose -2*v - 3*i + 85 = 0, 4*i = 5*v - 27 - 105. Calculate the greatest common divisor of 37472 and v.
32
Let d = 45 + -42. Suppose -3*r = -5*l - 122, -d*l = 2*r - 0*l - 94. Calculate the highest common factor of 308 and r.
44
Let a(v) = -v - 4. Let z be a(-28). Let n be 24/(-18)*(-1890)/z. Calculate the greatest common divisor of n and 945.
105
Let v be 0/(15/(-6) + 2/4). Let u be -3 + 3 + 4 + v. Suppose -u*x + 370 = -422. What is the highest common divisor of x and 22?
22
Let o = -2479 + 3694. Let z = o - 467. Calculate the highest common divisor of z and 44.
44
Suppose -4 = 5*t - 24. Let y(s) = -6*s - 80. Let b(x) = -x**3 + x**2 + 7*x + 4. Let z be b(4). Let r be y(z). What is the highest common divisor of t and r?
4
Let x be ((6/20)/((-11)/55))/((-3)/6). Let d = 2 - -2. Calculate the highest common factor of x and d.
1
Let v be (-4)/(-22) - 61940/418. Let n = -112 - v. What is the greatest common divisor of 180 and n?
36
Suppose 0 = 11*p - 7*p - 4*t - 864, 652 = 3*p - 2*t. Calculate the highest common divisor of p and 640.
20
Suppose -15*a + 1056 = 28*a + 23*a. Calculate the highest common factor of 15056 and a.
16
Let h be (-390)/8 - (-6)/(-24). Let g = h - -37. Let w(s) = -s**2 - 17*s + 10. Let d be w(g). What is the greatest common divisor of d and 105?
35
Suppose 32*m - u = 30*m + 1502, 0 = 4*m - 4*u - 3008. Calculate the highest common divisor of 210 and m.
30
Let z be (-42)/(-420)*(3228 - 0) + (-12)/15. Let k be ((-9)/3)/3 - -93. What is the highest common factor of k and z?
46
Let m(r) = -r - 5. Let k be m(-2). Let p be 2 + -1 - (k - -2). Suppose 72 = 9*j + 27*j. Calculate the greatest common divisor of j and p.
2
Suppose 120*y = 121*y - 2. Suppose -19*c + 60 = y*h - 22*c, -c + 150 = 5*h. What is the greatest common factor of h and 165?
15
Suppose -v + 0*v + 48 = w, -5*v + 2*w + 254 = 0. Let m(z) = z**3 + 8*z**2 - 13*z - 138. Let x be m(-5). Calculate the highest common divisor of v and x.
2
Let p be -10*(-4)/(-8) - 92. Let i be 1/(2/(-1))*776/p. What is the highest common factor of i and 58?
2
Suppose -7247*j + 7277*j = 768000. Calculate the highest common divisor of 128 and j.
128
Let q(a) = a**3 + 36*a**2 + 78*a + 368. Let n be q(-34). Calculate the highest common factor of 14 and n.
14
Suppose 1231*x = 1253*x - 2662. Calculate the highest common divisor of 2123 and x.
11
Let f = -53 - -58. Suppose -248 = -f*o + o. Let i = o - 40. Calculate the greatest common factor of i and 55.
11
Let o = -3014 - -3098. Let y = 71 - 35. What is the greatest common factor of y and o?
12
Let i be (22/4 + -5)*3*-26. Let w(o) = 29*o - 7. Let f be w(5). Let v = f + i. What is the greatest common divisor of 33 and v?
33
Let k = 87 + -42. Let d(z) = z**2 - 56*z - 215. Let r be d(-4). Calculate the highest common factor of r and k.
5
Suppose 17 = 9*t + 53. Let g(a) = -a**2 - 7*a - 8. Let w be g(t). What is the highest common divisor of 4 and w?
4
